*h. Is h a prime number?
True
Is (3086/12)/((-57)/(-342)) composite?
False
Let u(d) = 3484*d + 5. Let q be u(1). Is (q/12)/(-5*(-1)/20) a prime number?
True
Let y = 152922 - 68623. Is y prime?
True
Suppose -16 = 4*z - 2*a, 4*a - 2*a - 19 = 5*z. Let n(d) = 4 + d**3 - 26*d**2 + 25*d**2 - 9*d**3. Is n(z) a composite number?
False
Let g(w) = 61 + 69 + 39*w - 101*w - 117. Let k(p) = -9*p**2 - 1. Let x be k(-1). Is g(x) a prime number?
False
Let q(a) = 263*a**3 - a**2 + a - 1. Let o = -22 - -23. Is q(o) a prime number?
False
Let g be 1*1829 + 5 + (2 - 5). Suppose g = 3*s - 4706. Is s a composite number?
False
Let g(a) = -123*a + 23. Is g(-12) a prime number?
True
Suppose -6*j + 5 = -7. Suppose -4*u - h + 1013 = 0, 5*u - 1266 = j*h - 3*h. Is u a prime number?
False
Suppose 3595 = -23*z + 28*z. Is z composite?
False
Let t be (-343)/21 - (-2)/6. Is 4/t + (-1485)/(-4) composite?
True
Let d = 11 + -8. Suppose -d*r + 2*h = -10 - 4, -5*r + 4*h = -26. Suppose -r*o = 3*g - 56, 2*o + 4*g = 64 - 6. Is o composite?
True
Let m = -16417 + 37418. Is m composite?
False
Is (-2)/(-1) + 41667/17 a prime number?
False
Let y = 1827 - -3034. Is y prime?
True
Let c = -26964 - -39882. Suppose -8*v + 14*v = c. Is v a composite number?
False
Is (-12 + 8995/(-10))/((-1)/2) composite?
False
Let r(u) = -3*u**3 + 3*u**2 + 2*u - 2. Let v be (20/8)/5*-4. Let p be r(v). Suppose 1145 = 5*g + p. Is g prime?
True
Let s(z) = 1750*z**3 + 9*z**2 - 7*z - 5. Is s(3) prime?
False
Let b(k) = -k**2 + 1. Let f be b(1). Let j(y) = -48*y**3 + 4*y + f - 3 - 4*y**2 + 86*y**3. Is j(2) composite?
False
Let s(o) = -o**3 - 6*o**2 - 15*o - 1. Is s(-20) a prime number?
False
Let c(k) = k**2 + k - 6. Let z be c(-3). Suppose 4*w - 996 = -z*w. Is w a composite number?
True
Is (-2)/(-14) - 19/(133/(-1560)) composite?
False
Suppose 4*c - c = -18. Let v = 22 + c. Suppose 4*u + v = 0, 2*i - 3*u + 199 = 3*i. Is i composite?
False
Suppose 0 = 3*l + 291 - 2757. Let j be 3/(-9) - l/(-9). Let w = 144 - j. Is w a composite number?
False
Suppose 12*d + 5 = 13*d. Suppose -2*c = -6*c - z + 244, 5*c = -3*z + 305. Suppose c = d*v - 124. Is v composite?
False
Suppose 0 = -3*x + 633 + 3402. Is x a composite number?
True
Is (-27456161)/(-488) + 3/8 prime?
True
Is ((-5)/(-10))/(-1) - 6550/(-4) a prime number?
True
Let o(b) = -2537*b + 10. Is o(-3) a composite number?
False
Let l(o) = 20*o - 41. Suppose -2*r = -4*r + 10. Is l(r) a prime number?
True
Let m(z) = 2*z - 8. Let o = -10 - -15. Let h be m(o). Suppose -33 = -h*p - 3. Is p prime?
False
Is 24/10*(-146090)/(-56) a composite number?
True
Let b(s) = -571*s - 17. Is b(-6) prime?
False
Let a(d) = d - 1. Let k(f) = -1051*f - 14. Let t(s) = -6*a(s) - k(s). Is t(3) a composite number?
True
Suppose 49*p + 93485 = 54*p. Is p prime?
False
Let m = 4 + 4. Let o(b) = -b**3 + 8*b**2 + 5*b + 6. Let x be o(m). Suppose 5*d = 3*j - 74, -3*j + x = 2*d - 63. Is j prime?
False
Let w = -91 - -2694. Is w prime?
False
Is (7/14)/(1/7186) composite?
False
Suppose -18*p = -57373 + 4687. Is p prime?
True
Suppose 2*o = -4, -3*w + 5*o + 33 - 5 = 0. Let m(u) = w + u + u**3 + 9 + 0*u**2 + u**2. Is m(0) a composite number?
True
Is (-2715)/(-6)*3 + 2/(-4) a composite number?
True
Let r = 5 - 2. Suppose 4*n - 19 + r = 0. Suppose 3*a = n*a - 14. Is a a composite number?
True
Let z(v) be the third derivative of v**5/5 + 11*v**4/24 + v**3 - v**2. Suppose 14*f + 1285 = 1159. Is z(f) composite?
True
Suppose -10*a + 60 = 10. Suppose a*r - 9*r = -796. Is r a prime number?
True
Let k = -628 - 2600. Let r = k - -4741. Let v = 2600 - r. Is v a composite number?
False
Let p = -422 - -4225. Is p composite?
False
Is -4 + ((-201751)/(-10) - (-11)/(-110)) composite?
True
Is 141/(-94)*(-11018)/3 prime?
False
Suppose -2*v = 2*v - y - 159668, -4*y + 79834 = 2*v. Is v a composite number?
True
Suppose 5*m - 2*y = -39, 4*m + 0*y + 33 = y. Let v(k) = -k**3 - 3*k**2 - 8*k - 21. Is v(m) prime?
False
Let t be ((-666)/30)/(1/(-15)). Suppose -4*n + t = -415. Is n a composite number?
True
Let q be 2*12*8 - -1. Suppose -4*y + 156 = 4*v, -4*y + q = 5*v - 0*v. Is v prime?
True
Let r(z) = 29*z**3 - 16*z**2 + 7*z + 1. Is r(6) a prime number?
False
Suppose 2*u = u - 1, -3*i = 5*u - 1. Suppose 787 = 2*s + c + i*c, 0 = -s - 5*c + 404. Is s prime?
True
Let p = -3114 - -5037. Is p a prime number?
False
Let w(t) = 121*t**2 - t - 17. Suppose 90 = 10*z + 20. Is w(z) a prime number?
False
Let d(j) = j**2 - 10*j + 5. Let b be d(9). Let t(o) = -6*o**3 - 5*o**2 - 4*o + 2. Let v be t(b). Let z = v + -105. Is z a prime number?
False
Is (-798 - -1)*(5 - (13 + -3)) a composite number?
True
Let f(z) = 16*z**2 - z. Let n be f(1). Suppose -2*g - 3 - n = 0. Is (14/4)/(g/(-1278)) composite?
True
Let m(t) = 116*t**2 + 24*t - 9. Let u(h) = h**3 - 11*h**2 + 5. Let l be u(11). Is m(l) composite?
False
Suppose -34 = -3*d - 4*p, 3*d = 2*p - 7*p + 38. Let h(j) = 4*j - 9. Let g(l) = -3*l + 10. Let u(f) = d*h(f) + 4*g(f). Is u(6) composite?
True
Let q(y) = 4 + 2 - 5 - 30*y. Is q(-13) prime?
False
Suppose z = -5*b + 5*z + 33081, -19823 = -3*b - 4*z. Is b a composite number?
True
Suppose 0 = -412*w + 416*w + 4*f - 243172, -w + 60793 = -3*f. Is w a prime number?
True
Suppose 0 = -4*j + 38337 + 52691. Is j a composite number?
True
Suppose -4*f = 4*x - 181908, 19*f - 22*f - 5*x + 136423 = 0. Is f prime?
True
Let t = 534 - 530. Suppose 0 = -2*o + 3*o - 1004. Suppose -o = -6*b + 2*b + t*j, -2*b + 502 = j. Is b prime?
True
Let b be (2/6 - 0)/((-37)/(-56499)). Suppose 1251 = -2*r - 3*r - 3*v, -519 = 2*r - 5*v. Let t = r + b. Is t a prime number?
True
Let b(i) = 48*i**3 - 2*i**2 + 2*i. Let q be b(1). Suppose 138 = 50*u - q*u. Is u prime?
False
Let i(t) be the first derivative of 995*t**2/2 - 18. Let q be (0 - 1) + (7 - 5). Is i(q) composite?
True
Let m be 8376/2*(210/(-18))/(-7). Suppose -5*o - 5*z = -m, 2*o - 5*z = -z + 2810. Is o a composite number?
False
Let s(p) = -9*p**2 - 9*p + 2. Let q(g) = 14*g**2 + 14*g - 3. Let y(f) = -5*q(f) - 8*s(f). Is y(-12) prime?
True
Let a = -2193 + 4180. Is a prime?
True
Let w = -18 - 13. Let j = 35 + w. Suppose j*b + 104 = 4*l, -4*l - 5*b = -7*b - 96. Is l composite?
True
Let w(b) = -2*b + 9. Let m be w(5). Is -6*m/2 + 208 a composite number?
False
Let w(f) = 13787*f**2 - 19*f - 19. Is w(-1) composite?
True
Suppose -2*u - 4*w = 6633 - 40459, -4*u + 3*w + 67608 = 0. Suppose -u = -6*v + 3321. Is v a prime number?
True
Let k = -1624 - -2405. Let m = k - 450. Is m composite?
False
Let m be -3 + 1 + 3 + 1. Suppose r = -m*u, -4*r + 8 = 5*u + 2. Suppose r*w = 5*w - 93. Is w prime?
False
Let l = 17 - 12. Let m(s) = -2*s**2 - l + 10*s**2 + 2*s**2 - s. Is m(-4) composite?
True
Let n(o) = 14*o**2 - 6*o - 7. Let d(j) = j**3 - 3*j**2. Let i be d(2). Let y be n(i). Suppose -2*k = -y - 57. Is k composite?
False
Suppose 0 = k - 1. Let w(j) = j**3 + j**2 - j. Let a be w(0). Is (2 - 57)*(a - k) a composite number?
True
Is ((-39)/78)/(3/(-271842)) a composite number?
False
Let n = 63965 - 34302. Is n prime?
True
Suppose 3*g = 3*c + 12, 5*c - 5*g + 15 = c. Suppose s = 3*s + 62. Let l = c - s. Is l prime?
False
Let k(b) = 27623*b**3 + 2*b**2 - 8*b + 6. Is k(1) prime?
False
Suppose -m - 24 = 2*m. Let f = 9 + m. Let z(c) = 10*c**2 + 1. Is z(f) prime?
True
Let g(n) = n**3 + 9*n**2 - 10*n - 10. Let v(y) = -y - 3. Let p be v(4). Let l be g(p). Suppose 0 = -2*o + 4*o - l. Is o a composite number?
False
Suppose 8*o - 3*o = 10. Let g(h) = h. Let c(j) = -26*j + 2. Let d(f) = -c(f) + 6*g(f). Is d(o) composite?
True
Suppose 4*m = 9*r - 46759 - 427206, -5*m - 52681 = -r. Is r a prime number?
False
Suppose 4*j - 6048 = -4*j. Suppose -4*a - x + 6680 = j, -a + 4*x = -1481. Is a a prime number?
True
Let t = -62 - -65. Suppose -5*j + 2*q = t*q - 16459, -13172 = -4*j - 2*q. Is j a prime number?
False
Let z(v) = -v**3 - 4*v**2 - 2*v - 1. Let l be z(-4). Suppose l*k = 4*k + 7077. Is k a prime number?
False
Let b(a) = a**3 + 7*a**2 + 2*a + 8. Let p be b(-7). Let z(u) = -107*u - 11. Is z(p) a composite number?
False
Let p(v) = -22*v**2 + 0 + 8*v**2 - 11*v**3 - 3 - 8*v + 0. Let g(o) = 5*o**3 + 7*o**2 + 4*o + 2. Let s(w) = -13*g(w) - 6*p(w). Is s(9) a composite number?
True
Let k(p) = -p - 19. Let q be k(-6). Let o = q + 25. Suppose 341 = -o*d + 13*d. Is d composite?
True
Let r b